 - -51. Suppose -4*v - m + 13 = -u, 2*u = 3*v - 8. Suppose -118 = v*a - 932. Is a prime?
False
Let k(s) = 19468*s - 19135. Is k(23) a composite number?
False
Let r be 1/1*2*(-557)/(-2). Let v be ((-5)/(-4) - -1)*-168. Let z = v + r. Is z composite?
False
Suppose -10*l + 686 = -15924. Is l prime?
False
Let n be -1 - (1 - 6/3). Suppose 44 = -10*y + 32*y. Suppose 0 = -g - y - n, 3*g - 1059 = -3*z. Is z composite?
True
Let x = 86 + -80. Suppose -895 = -b + 2*r - x*r, -4*b = 2*r - 3510. Suppose -5*z + 5*o = -b, z + 3*o = 2*o + 181. Is z a composite number?
True
Suppose -4*t + 1334231 = -3*z, -58813 = t + 5*z - 392411. Is t composite?
False
Let z(p) = 7124*p**2 - 72*p - 45. Is z(7) a prime number?
True
Let y(r) = 2*r + 43. Suppose 16 = -s - 3*a, -s - 39 = s - a. Let o be y(s). Suppose -4*n + 1234 = 4*l - 2*l, 4*n + o*l - 1243 = 0. Is n composite?
False
Suppose -2*p - 3*d = 3, -13*p = -8*p + 2*d + 2. Suppose 20*h - 6*h - 138586 = p. Is h a composite number?
True
Let f = 7 + -22. Let h be (2196/f)/((-2)/30). Suppose 4*u - h = 152. Is u a prime number?
True
Let n = -179 - -180. Is n/((-8434)/1406 - -6) a prime number?
False
Suppose 17820 = -2*b - 2*c, -9*c = 3*b - 4*c + 26724. Let i = -5504 - b. Is i prime?
False
Suppose 6963 = 4*m + 1915. Suppose 7*q - 6*q - p + 313 = 0, 0 = -4*q - p - m. Let g = q - -998. Is g a prime number?
True
Suppose -2*x + 5*s = -21, x + s = -s + 6. Is 1 + x + -5 + 45 composite?
True
Let k(c) = -c**3 - 3*c**2 - 4*c - 2. Let t be k(-6). Let j be t*(-4)/(-16)*98. Let r = 5518 - j. Is r composite?
False
Let q(j) = 1 - 4 - j**2 - 22*j**3 + 2*j**3 + 3*j. Is q(-4) a composite number?
False
Let n = 39 + -41. Let m be -3 + n - -3 - (0 - 2). Suppose p = -3*o + 6993, m = 3*o + 10 - 4. Is p a prime number?
False
Let q = -36 + 30. Let i(n) = 2*n**2 + 14*n + 12. Let g be i(q). Suppose g = 2*z + 2*t - 2130, -3*t - 5653 = -4*z - 1421. Is z a prime number?
True
Suppose 12*i + 6*i = -2*i + 3785260. Is i a composite number?
True
Suppose -341783 = -3*m + 4*k, -209403 = -5*m - 5*k + 360282. Is m a prime number?
True
Let p = -79799 + 585366. Is p composite?
True
Suppose 3*v - 3*o - 20 = 7, -5*v + 3*o = -35. Suppose -2*t - 5*u = -20 - 1399, 2773 = v*t - 3*u. Is t a composite number?
True
Let f be 0 - 2 - 1*-5. Let x = -1069 - -1066. Is -1 + 1 + (f + 245 - x) a prime number?
True
Suppose -83*q + 85*q = 14. Suppose 5*j + 3 = 63. Suppose 4*d = -j, -q*l = -3*l + 2*d - 262. Is l a prime number?
True
Let c(r) = r**3 - 11*r**2 - r + 15. Let y be c(11). Let w be (y*-5)/(-4 - (-14)/3). Is (-40)/w*51/2 composite?
True
Suppose -157211 - 149200 = -21*n. Is n prime?
True
Let k be (-10)/(1*-1)*240201/(-234). Let s = -5356 - k. Is s prime?
True
Let b(y) = 6356*y. Let z be b(-1). Let o be (3 - 0)*(12 + 7694/(-6)). Let x = o - z. Is x composite?
True
Let b(s) = -167*s**3 + s**2 + 136*s + 1211. Is b(-10) composite?
True
Let y = -350 - -370. Is (y + 33)*1*7 composite?
True
Let b(l) = -l**2 + 7*l + 19. Let w be b(9). Suppose -5 - w = -2*v. Is ((-273)/(-26))/(v/2) a prime number?
True
Suppose 3*n = 20*k - 8486284, 35*k + 4*n + 1272971 = 38*k. Is k prime?
True
Let f = 8276951 - 5630062. Is f composite?
True
Suppose -9*p + 21*p = 50556. Suppose 3*i = -z + 19922, -z + 24111 - p = -5*i. Is z a composite number?
False
Let j = -15 - -27. Suppose 4*x = i + j, -3*x - i + 10 + 6 = 0. Suppose x + 3 = w. Is w a prime number?
True
Let i be (17 - -3)/(-3 + 5). Suppose 0 = -7*k + i*k - 18. Suppose 4*c + 158 = k*c. Is c composite?
False
Is (-20 + 666/37)*(-52147)/2 composite?
False
Suppose -g - 165*a + 160*a = -148513, -4*g = -a - 593926. Is g a prime number?
True
Let p(o) = 3*o**3 + 6*o**2 + 6*o + 6. Let s(v) = -2*v**3 - 6*v**2 - 6*v - 5. Let a(y) = 3*p(y) + 4*s(y). Let h be a(7). Suppose h*u = 9*u - 3156. Is u prime?
False
Suppose 13093 = -5*n + 6*n - 3*u, -4*u = 0. Is n composite?
False
Let q be (-14)/(-12)*-2*6. Let y be (7/q)/((-49)/16 - -3). Suppose 0 = g + y*g - 28647. Is g prime?
False
Suppose 2*t - 3*t - 17 = -3*o, 4*t = -o - 3. Suppose o*j + 10829 = -8*j. Let u = 1174 + j. Is u composite?
True
Let a(g) = -10*g**3 - 33*g**2 + 42*g + 137. Is a(-26) a prime number?
False
Suppose -366185 = 924*t - 929*t. Is t composite?
False
Suppose -k = -6*k + 10. Suppose -5*j + 75 = 5*z, 4*z + 3*j = -k*j + 60. Is (-2394)/(-10) + (-6)/z a composite number?
False
Let h(t) = 54*t - 4. Let b be h(7). Suppose 3*g - 329 = -5*y, 0 = -3*g + 2*y + 2*y + b. Let s = 409 - g. Is s composite?
True
Suppose 0 = -5*s + 1210355 - 296370. Is s prime?
False
Suppose -3*n + 5*x = 11, 0 = -n + 3*n - 4*x + 10. Suppose -n*k + 8654 - 2027 = 0. Is k prime?
False
Suppose -4*s - 569184 = -4*u, -2*u + 37794 = -5*s - 246795. Is u a prime number?
True
Suppose 4*o = i + 1567395, o - 64*i - 391840 = -65*i. Is o a composite number?
False
Let d(r) = -79*r**3 + 2*r**2 - 3. Let n be (-8 - -11)/(3/(-2)). Let t be d(n). Let u = 1260 - t. Is u a composite number?
True
Let s be 1 + -1 + (-1 - (-3 - -2)). Suppose s = d - 9*d + 56. Let j = 139 + d. Is j prime?
False
Let j = 10 - 8. Suppose -i - 4*c = 269, 3*i - j*c + 1058 = -i. Let y = -138 - i. Is y a prime number?
True
Suppose -6*u = -4*u - 3774. Let x = 2864 + u. Is x prime?
True
Suppose -248877 + 671325 = -26*r. Is (4 - 5)*(-3 + -2 + r) a composite number?
False
Let p(f) = 84*f**3 - 10*f**2 - 14*f - 7. Let t be p(-6). Let h = -7495 - t. Suppose 4*n = -c + 1329 + 1386, 4*c - h = 2*n. Is c prime?
True
Let t(p) = 2*p + 27. Let i be t(-19). Let w(z) = -99*z + 8. Is w(i) composite?
False
Let v(m) = m - 4. Let l be v(7). Let j be 0/17 + 8644*1. Suppose -c + j = l*c. Is c composite?
False
Let w(x) = -3546*x + 1049. Is w(-7) a prime number?
False
Let i = 9898 + -13913. Let v = -1184 - i. Is v a composite number?
True
Let g = -84723 - -189290. Is g a composite number?
True
Let w = 6481 - -2782. Is w a prime number?
False
Let m = 489162 + -344599. Is m composite?
False
Suppose -5*r = -5*w - 540, 4*r - 15 + 103 = -w. Let d = 328 + w. Let x = 819 + d. Is x a composite number?
True
Suppose -4*j + 3*j + 44800 = 77. Is j prime?
False
Suppose 12*w - 931 = -6607. Let d = w - -780. Is d composite?
False
Let n be 2/3*-207*242/(-4). Suppose n = m - 1418. Is m prime?
True
Let c(g) = 56*g**3 - 4*g**2 + 22*g + 63. Let i(t) = -19*t**3 + t**2 - 8*t - 21. Let z(u) = 6*c(u) + 17*i(u). Is z(7) composite?
True
Let l = -1866 + 30667. Is l a composite number?
True
Let q = -1024 - -1995. Is q prime?
True
Suppose 5*y = -2*l + 32655, 26*y + 3*l - 19584 = 23*y. Is y composite?
True
Let d = -182 - -1426. Suppose f + 2*h - 291 = 6*h, 4*f = -4*h + d. Is f a composite number?
False
Suppose -o + 2*o = -2*o. Suppose 2*d + 150 = 3*g + 497, o = -d - 2*g + 184. Is d prime?
False
Let n(w) = w + 20. Suppose 2*z - 4*h + 54 = 0, 2*h = -2*h + 20. Let o be n(z). Suppose -s - 2*r = -2*s + 1947, 3*s + o*r = 5850. Is s a prime number?
True
Let n be (-4)/(24/(-129))*2. Let g = -47 + n. Is (-1*(-11)/g)/(6/(-24)) a composite number?
False
Suppose 33*q - 888936 = -68853. Is q prime?
True
Let o(k) = -3*k**3 - 161*k**2 + 47*k + 1071. Is o(-66) a composite number?
True
Is (-75479)/(9/27*-3) prime?
True
Suppose 7*d - 606785 = -4*z, -3*z + 35869 = 3*d - 419231. Is z composite?
True
Suppose -3*j + 4*z + 158195 = 0, 17*z - 18*z - 158189 = -3*j. Is j composite?
True
Is ((-3)/2)/(((-3933)/(-12242422))/(-69)) composite?
False
Let t(r) = r**2 + 11*r - 15. Let i(o) = -o + 4 - 24 + 0*o + 2*o. Let f be i(7). Is t(f) prime?
True
Suppose f - 2*a - 336577 = 0, -5*f - 57*a + 56*a + 1682841 = 0. Is f prime?
False
Suppose -7*p + 1990088 = 3*w + 309453, -w = 4*p - 960360. Is p a composite number?
False
Let q = 1361328 + -791755. Is q composite?
False
Let y(z) = 5*z**2 + 27. Let w be y(11). Suppose -2*n = -w + 6. Let j = 64 + n. Is j prime?
False
Let t be 135/(-15)*4/30*5. Let l(n) = -426*n - 41. Is l(t) a composite number?
True
Let s = 581 + -506. Is ((-45)/s)/((-2)/32570) - 4 a prime number?
True
Suppose 157084 = 60*d - 397449 - 17087. Is d composite?
True
Suppose -8*i - 55 = 17. Let f(m) = -183*m + 26. Is f(i) composite?
True
Let v be (-4118)/(-522) + 2/18. Suppose v*u + 10562 = 35866. Is u composite?
False
Suppose 0 = 35*i + 35424 - 6304. Let w be -421 + 0 - (4 + -2). Let z = w - i. Is z a composite number?
False
Let r(s) = -767*s - 51. Let f(x) = 1